2 - (1 + -13))?
12
What is (2 - 4) + 13 + -5 - (14 - 2)?
-6
-1 - (-2 + 4 + -6 + (144 - 116))
-25
Calculate -1 + 7 + 1 + -45.
-38
What is the value of 0 + 4 - 1 - (16 - 14)?
1
Evaluate -12 - (46 + -54 - (1 - 11)).
-14
What is the value of 351 + -355 + (1 - (1 + 1) - -2)?
-3
What is 15 + -25 + (-5 - -22)?
7
What is -7 - ((-28 - -35 - (15 - 0)) + -1)?
2
Calculate -14 - (-3 + 4 + -9 + 0 - -8).
-14
Calculate (3 - -2 - (-4 + 7)) + 0 + -17.
-15
Calculate 12 + (-15 - (22 - 7)).
-18
Evaluate (5 - 31) + 14 + 28.
16
Evaluate 21 - ((-1 + -8 - -5) + 11).
14
What is (0 - 2) + (-51 - -33) - (-4 + -2)?
-14
Evaluate -17 - ((-2 - 20) + 8 - -3).
-6
Calculate (38 - -2 - 17) + -4.
19
Calculate 31 + -5 - (25 - -23).
-22
Calculate 97 - 84 - (17 + (-2 - 3)).
1
What is (-1 - 2) + (29 - 11) + -21?
-6
What is -13 - (24 + (-7 - 41))?
11
Calculate 221 + -259 + (21 - 1).
-18
Calculate 10 + -19 + 25 + -5.
11
What is the value of -7 + (7 + 25 - 17)?
8
24 + 4 + (-6 - -14) + (1 - 2)
35
Evaluate (157 - 98) + 1 + -42.
18
4 - (1 - (5 + -12)) - -11
7
-34 - -13 - (-1 - 14)
-6
Evaluate -8 - ((0 - 7 - -2) + -3 - 11).
11
What is the value of 11 - 9 - (4 + -4 - 3)?
5
Calculate 2 - ((-46 - -14) + -7) - 8.
33
-13 + 11 + 3 + -5
-4
What is 27 - 11 - (14 + -12)?
14
Evaluate -5 + 12 - (8 + -5).
4
3 + 9 - 13 - -5
4
Calculate 58 + -64 + -3 + 15.
6
What is (18 - 20) + (0 - (-1 + -1)) + -3?
-3
Calculate -2 + -3 + (0 + -13 - -7).
-11
163 - 181 - (-20 - 1)
3
Calculate -5 - ((-3 - (-11 + 12)) + 9).
-10
What is -23 - (-25 - (0 - 12))?
-10
Calculate (6 - 19) + -2 + 9 + 3.
-3
What is the value of 1 - 6 - (-7 + 25 + -13)?
-10
Evaluate 0 + 38 + 355 + -367.
26
59 + (20 - 18) - 35
26
Evaluate -98 - -88 - (1 + -27).
16
What is (48 - 20) + -13 - (11 - -1)?
3
Calculate -5 + 1 - (146 + -139).
-11
Evaluate -18 + (-17 - (-39 + 18)).
-14
Calculate 43 + -38 - (3 - 4).
6
32 + (0 - -5 - 27)
10
Evaluate (-22 - -12) + (26 - 2) + -15.
-1
Calculate 5 - (-7 - (25 + -16) - 10).
31
Evaluate (0 - 3) + (26 + (-13 - 5) - -8).
13
What is the value of -14 + -11 + 28 + -8 - -8?
3
Calculate 1 - (4 + -12 + 4 + -5).
10
-26 + 13 - (-1 - (10 - 13))
-15
(0 - 2 - 10) + 1671 + -1666
-7
Calculate (-1 - (-7 - (3 + -5))) + 4 - 3.
5
Evaluate 349 + -388 + (1 - -11).
-27
What is the value of -44 + (-31 - (-45 - -6))?
-36
-1 - -2 - ((3 - -2) + 7) - -3
-8
Calculate -12 + -2 + 6 + 42 + -8 - 2.
24
Calculate 3 + -10 + 7 - -5.
5
-8 - ((1 - 1) + (139 - 140))
-7
37 + -8 + -9 + -4
16
-4 - (3 + (-3 + -6 - -7) + -2)
-3
What is the value of 18 + -35 - (-21 + 1)?
3
Evaluate (-1 - 12) + (184 - 180).
-9
What is the value of 7 + (-20 - 7) + 4?
-16
-9 + 2 + 8 + 10 + (3 - 2)
12
(2 - 11) + 20 + -28 - (-3 - 0)
-14
-12 + 32 - (-28 - -46)
2
Evaluate (-11 - ((24 - 10) + -23)) + -8.
-10
What is (6 - -10) + -21 - -9?
4
Evaluate 1 + 0 + 24 - (23 - 11 - 4).
17
Calculate -14 - 0 - -17 - 13.
-10
Evaluate 5 + -3 + (2 - 3) - (-190 - -165).
26
What is -35 + -2 + 28 - -29?
20
2 + (-3 - -6) - ((-2 - -1) + -9)
15
What is 11 + -7 + 1 - 22?
-17
2 + (-1 - (-3 - -1)) - (-163 - -133)
33
Evaluate -2 + 5 + -2 - ((-7 - -4) + 15).
-11
Evaluate -2 + 2 + 22 + (66 - (-64 + 127)).
25
Calculate 1 + (0 - 1) - (9 + -1 + -4).
-4
What is 5 + (-10 + 1 - -11 - -1)?
8
Calculate 10 + (-8 - 7) + (20 - -2) + -8.
9
Calculate -37 + 32 - (-6 - -6).
-5
Calculate 12 + 8 + -13 - (3 - (7 - -1)).
12
What is 11 - -4 - (153 - 151)?
13
10 + (2 + 6 - 13)
5
Calculate 0 - 3 - (-8 + 9 + -3).
-1
What is the value of 30 + 3 + (-8 - 37)?
-12
Calculate -5 + 0 + 21 + -10.
6
Calculate (-15 - -30) + 14 + -16.
13
Calculate 26 - (-24 + 17 - (-3 - -5 - 5)).
30
-5 - (-1 + (6 - -22))
-32
Calculate 13 + (-34 - -21) + -17 + 2.
-15
Calculate 16 - (23 + -20 - -23).
-10
What is the value of 12 - ((10 - 19 - 16) + 17)?
20
What is 32 - (-18 - (-2 - 25))?
23
1 + -6 - (-17 + 22)
-10
Evaluate 25 - (-20 - -25) - 0.
20
What is 143 + -145 - (3 - -4)?
-9
Calculate 4 + -4 + -5 + (1 - -1 - -14).
11
What is the value of (-1 - 2) + (-16 + 23 - (1 + 8))?
-5
What is 0 - 5 - (-12 - (1 + (6 - 15)))?
-1
Evaluate 13 + -4 + (23 - 20).
12
Evaluate (16 - 18) + -29 + 23.
-8
Evaluate -16 + -19 + (10 - -11).
-14
Evaluate (8 - (16 - (3 + 1))) + 3.
-1
11 - (27 - 1 - (37 + -22))
0
-19 + (-1 + 2 - -6) + (-5 - 1)
-18
What is the value of 26 + -22 + (8 - 7 - -9)?
14
Evaluate 1 + 11 - -3 - (-22 + (42 - 32)).
27
(-3 - -8) + -28 + 26 + -6 + 0
-3
Evaluate 25 + (-20 + -3 - -14).
16
What is the value of 15 + -16 + 15 + 1 + -2?
13
What is the value of -105 + 121 - (-1 + 18)?
-1
24 - 6 - 17 - (3 - (-1 + -2))
-5
Evaluate -2 + 5 + 12 + 10 + -36.
-11
1 + 7 + -8 + 0 + 2
2
Calculate -7 - (-9 - (-2 - 0)) - -5 - 16.
-11
(-1 - 4 - (79 - 64)) + 1 + 6
-13
What is the value of 2 + (19 - (6 - 15)) + -10 - 5?
15
Calculate (0 - -2) + (6 - 18) - -2.
-8
-8 + -1 - ((-650 - -646) + 16 + -1)
-20
Evaluate 28 + 3 + -26 + (0 - (21 - -2)).
-18
(-528 - -530) + (1 - -1 - 1) + -5
-2
What is the value of 15 + 13 + (-2 - 21)?
5
What is 20 - (-1 + 0) - (17 - 25 - -5)?
24
What is (2 - -1) + (-2 - 2) + (-15 - -24)?
8
What is the value of 4 + (8 - 2) + -11 + 1?
0
-37 - -20 - (-16 + 12)
-13
Calculate 2 + (-17 - (7 + 9)) - -5.
-26
Calculate 6 + -11 - 0 - 4.
-9
What is -2 + 12 + -4 + (-3 - -4 - -9)?
16
Calculate 6 - (4 - (1 - -1) - (8 - 1)).
11
208 - 203 - (3 - 0)
2
What is the value of -2 + (-3 - 17) + (12 - 1)?
-11
-4 + (-11 - -7) + -16 + 15
-9
Calculate (-5 - ((-3 - -7) + -4)) + 4 + -2.
-3
Calculate -9 + 20 + -39 + 31 + (0 - 6).
-3
Calculate -105 - -137 - (61 + 0).
-29
Evaluate (9 - 0) + 3 - (-92 - -84) - 0.
20
What is (1 - 4) + (-1 + -5 + 4 - 7)?
-12
-10 + (22 - (12 + -5)) + 5
10
36 + -1 - (98 + -83)
20
What is 17 + (-77 - (-18 + -8))?
-34
What is (-32 - -17) + 4 + -32 - -12?
-31
What is the value of -2 + -1 + (-18 - -19) + 2 + 6?
6
(-13 - -15 - -14) + -1
15
Evaluate 15 + -9 + -24 - (0 + -10).
-8
Evaluate -29 - -13 - (-8 + -2).
-6
What is the value of 21 + -13 - (-6 + 7 + 7)?
0
Calculate -111 - -122 - (-19 - -2).
28
Calculate (31 - 30) + (-1 + 5 - 4).
1
What is 2 - (-3 - (-8 + 2 + 6)) - 13?
-8
Evaluate -5 + -4 - -9 - 7.
-7
(-19 - 2) + (109 - 90)
-2
5 + -7 + 4 + -9 - -29 - -8
30
10 - (53 - 49) - (-4 + (-1 - -2))
9
What is the value of (-1 - 14) + 9 + -1 + 0?
-7
Calculate 4 + 4 + 3 - (-1 - -6).
6
Evaluate -4 + (-2 - (3 - (-10 - -3))).
-16
Evaluate (-9 + 1 + 3 - 2) + (5 - 24).
-26
What is 2 + 2 - (68 - 73)?
9
-6 + (0 - 3) + 10 + -10
-9
Calculate -1 + (2 - -2) - (-666 + 661).
8
What is -3 - ((2 - (7 - 14)) + -11)?
-1
Evaluate -35 + 27 + (8 - (7 + -11)).
4
What is 6 + -4 + -9 - (3 - (6 - 0))?
-4
What is the value of 5 - -3 - 13 - (-7 - 1) - 9?
-6
Evaluate 15 - (9 - 4 - 9) - (1 + -1).
19
Evaluate -9 + -11 + (12 - 11 - 0).
-19
8 - (29 + (-23 - 15))
17
What is 12 + 22 + -17 + 10 + -4?
23
Evaluate -38 - (31 + -71 - -24).
-22
Evaluate (-28 - -45) + 5 + -6.
16
Calculate 7 + (-1 - (-6 - (6 + 1))) + -3.
16
What is (25 - 50 - -3) + (2 - -4)?
-16
Calculate 18 + -6 + (27 - 1) + -8.
30
Evaluate 4 - -1 - (5 - (-2 - -3)).
1
Calculate 4 + -10 + -18 - -3.
-21
What is -30 - (-23 - 25) - 25?
-7
Calculate (-18 - -22) + (-8 - -10).
6
What is the value of 2 + 4 - (-16 + 14) - 0?
8
Evaluate 6 + 2 + (-80 - -58).
-14
Calculate (-1 - -12) + (-43 - (51 + -29 + -15)).
-39
Evaluate (-2 - (-2 + -4)) + 10 - (-3 - -6).
11
-19 - (-20 - 11) - 9
3
Calculate 43 + (18 - 3) - 32.
26
Evaluate 6 + -20 + -3 - (92 + -85).
-24
-10 + 10 + -5 - (6 + -20)
9
What is the value of 10 - (4 + -7 + (7 - 3) + -8)?
17
What is 8 + -3 + -7 + 14 + -7?
5
Evaluate 6 + (-5 - -2) + (-2 - 4) - -8.
5
What is 3 + (-4 - -7) + 5 + 2 + -1?
12
What is the value of (-66 - -70) + (-7 - 5)?
-8
What is (-13 - (-13 - -2)) + -9?
-11
0 + 1 + 5 + -37 + (13 - -7)
-11
Evaluate 12 + -6 + 2 + -20.
-12
Calculate (27 + -2 - 29) + (2 - -1).
-1
What is 14 + -3 + (-3 - 1)?
7
Calculate 8 - (16 + -27 + 40).
-21
What is the value of -4 - (1 - (-3 - (-7 - -4)) - 4)?
-1
Evaluate 0 + (-22 - -15) - -11.
4
What is the value of (-6 - (-1 - -2)) + (-34 - -75 - 21)?
13
Calculate 26 - 45 - (-7 - -2).
-14
What is 18 + 20 + -30 + -15?
-7
What is the value of (-76 - -72) + (-3 - -3 - -7)?
3
Evaluate 1 + -3 + -26 + 29.
1
Evaluate -12 + (-46 + 54 - (-3 - 8)).
7
14 + -15 + 7 + (0 - -6)
12
0 + 2 + -8 + -4
-10
19 + -1 - (577 - 560)
1
Evaluate 0 - 3 - (18 - (-2 + 24)) - 16.
-15
Calculate 7 - (-3 - 21) 